*4/4 + 4*i**3/3 - 2*i**2 - 2*i - 4. Let v(x) = -2*x**2 + 2*x + 1. Let a(z) = 4*h(z) + 9*v(z). Is a(-2) prime?
False
Let o be (-1 - -2)/((-2)/(-4)). Suppose o*j + 35 = -21. Let z = 47 + j. Is z a prime number?
True
Let b(l) = -l**2 + 4*l + 5. Let k(z) = -z + 2. Let p be k(-7). Let x be b(p). Let n = x + 59. Is n a composite number?
False
Suppose 4*p - 7 = n, -2*p + 37 - 6 = 5*n. Suppose -g - 129 = -4*y + 33, n*y - 5*g - 210 = 0. Suppose -h + y = 3*h. Is h prime?
False
Let z(d) = 15*d**2 - 4*d - 1. Let i be z(-5). Suppose 0 = -5*p + i + 576. Is p prime?
False
Let a(l) = -l**3 + 12*l**2 - 10*l - 8. Let q be a(11). Is q/(-15) - (-693)/15 composite?
True
Suppose 8*n = 2147 - 523. Is n composite?
True
Let s(h) = 3*h**2. Let a be s(-3). Suppose -l = -4*z - a, l = 3*l - 5*z - 39. Is l composite?
False
Suppose 0 = 4*t - 0*t - 16. Suppose 5*z - w = 62, z - 5*w + t - 2 = 0. Is z composite?
False
Let a(y) = -39*y - 2. Let w(i) = i**3 + 4*i**2 - 3*i + 7. Let t be w(-5). Is a(t) a composite number?
True
Let z be 33 + 1 - (-2)/1. Let k = -5 + z. Is k prime?
True
Is 14/(-2 - 192/(-94)) composite?
True
Is 3513/2*(-30)/(-45) composite?
False
Let i(z) = -z**3 + 6*z**2 - 6*z + 3. Let j be i(5). Let u(t) be the first derivative of -t**4/4 + 2*t**3/3 - t + 4. Is u(j) a prime number?
False
Let j(v) = -v**2 + 10*v + 3. Let m(d) = d**3 + 9*d**2 + 9*d + 3. Let s be m(-8). Let n = s + 13. Is j(n) composite?
False
Let f(v) = v**2 + 3*v + 5. Let r(t) = -8*t + 1. Let s be 1/(-2) - 1/2. Let m be r(s). Is f(m) a composite number?
False
Suppose -5*u - 312 = -14717. Is u composite?
True
Suppose -7*j + 4*j = 3*p - 12141, -5*p + 20237 = 4*j. Is p prime?
True
Let z(y) = 15*y**2. Suppose 0 = -i - i + 2. Let n be 0/(i/1) + -1. Is z(n) a prime number?
False
Let s be 94/18 - 2/9. Suppose 2*o - 335 = s*h, 0 = -o - 2*o - 5*h + 440. Let x = -58 + o. Is x prime?
True
Let o(h) = -h**3 - 3*h**2 - h + 1. Let v be o(-3). Suppose -2*t + v = -3*w + 3, w = 1. Is (4 + 43)/(t + -1) a prime number?
True
Suppose 0 = 5*n + 10, 3*n - 210 + 2 = -2*d. Let r = -54 + d. Is r composite?
False
Let b(v) = -99*v - 2. Is b(-5) a prime number?
False
Let j(c) = -70*c + 27. Is j(-11) prime?
True
Let b(v) = v + 70. Let h be b(0). Suppose -36 = -k + h. Suppose -2*i + 4*i - k = 0. Is i prime?
True
Suppose 0*g + 2*g + 4 = 0, -3*y = -5*g - 55. Let n = 22 - y. Suppose -h + n*r + 130 = 4*r, -585 = -5*h + 2*r. Is h a prime number?
False
Let t = -25 - -29. Suppose 3*z + 2*k = 299, t*k - 113 = -0*z - z. Is z a prime number?
True
Let o(d) = 10*d**2 - 5*d + 1. Let c(k) = -k**2 - k + 6. Suppose 0 = -0*m + 3*m. Let h be c(m). Is o(h) a composite number?
False
Is (1645/14)/(1/2) a prime number?
False
Let m(g) = 2*g**2 + g. Let k be m(1). Suppose 37 = k*x + 1. Is 207/x*(-32)/(-12) prime?
False
Suppose -18*n = -28*n + 39670. Is n a prime number?
True
Is (-3)/(12/4)*-287 a composite number?
True
Let x = -2141 - -3150. Is x a composite number?
False
Suppose -3*g - 397 = -8*g - 2*i, 0 = 3*g - 5*i - 232. Is g a composite number?
False
Let j(s) be the third derivative of 5*s**4/6 + 3*s**3/2 + 3*s**2. Is j(7) composite?
False
Suppose -r + 1 = -0*r. Let m(c) = 42*c**2 + 124*c**2 - c - 36*c**2. Is m(r) a composite number?
True
Let g be (2/(-6))/(11/(-462)). Is (-240)/(-7) - 4/g a composite number?
True
Suppose -i = -4*i + 4*x + 22, 5*i - 4*x - 34 = 0. Let n(d) = -d**3 + 6*d**2 + 6*d - 3. Is n(i) prime?
False
Let m = 528 + -271. Is m a composite number?
False
Suppose 5 = -4*y + 1. Let b be 103 - (1 + -3)/y. Suppose 64 + b = 5*j. Is j a composite number?
True
Suppose -2*c = -506 - 270. Suppose 2*f + c = 4*x, 2*x = -4*f + 105 + 69. Is x prime?
False
Let a(x) = x**3 + 7*x**2 - 5*x - 19. Is a(8) composite?
True
Is (3/(-3))/(4/(-2084)) a composite number?
False
Suppose -2*b + 80 = 2*b. Suppose -3*l + 7 + 8 = 0. Let r = b - l. Is r composite?
True
Let t(o) = o**2 - 7*o + 9. Let h be t(6). Suppose 0 = -5*d - 25, -10 = h*w - 2*w - d. Let l = 22 + w. Is l a prime number?
True
Let p = 133 + -66. Is p a composite number?
False
Suppose 641 = 3*i - 5*f, -3*f - 2*f + 878 = 4*i. Is i composite?
True
Is -1174*(0 - (-1)/(-2)) a prime number?
True
Let u = 16 + -16. Suppose n + 2*g = -0 + 3, u = 2*n + 5*g - 6. Is n a prime number?
True
Let k = 721 + 129. Suppose 5*p + k = 5*l - 360, 3*p - 756 = -3*l. Suppose 3*h + 16 = l. Is h a prime number?
False
Suppose -i - 2*r + 616 = -r, -3*r - 3056 = -5*i. Is i a composite number?
False
Let t = -152 - -310. Is t composite?
True
Let a = 775 - 476. Is a prime?
False
Let d(a) = 1. Let r(x) = 2*x**2 - 6*x + 12. Let y(c) = -5*d(c) + r(c). Is y(-5) a prime number?
False
Is (4 - -235)/((-1)/(-9 + 2)) a composite number?
True
Let b = 1 - 1. Suppose -4*l + y - 42 + 530 = b, -5*y = 5*l - 585. Is l composite?
True
Suppose q = x + 223, 218 - 1110 = -4*q - 5*x. Suppose 3*j + 2*y = q, 0 = -3*j + 4*y + 117 + 130. Is j composite?
True
Suppose -5*l - 3*s + 28 = s, 0 = -2*l + 4*s. Suppose -6*t + 4*t + 24 = -l*h, -3*h - 27 = -3*t. Is t composite?
True
Let s(t) = -t**3 + 269. Let w be (0 - 0)/(2/(-1)). Is s(w) composite?
False
Let u(y) = y**2 + 8*y - 9. Let z be u(-10). Suppose 4*q = 1 + z. Suppose -q*h - 2*c + 1107 = 2*c, -4*c = -h + 353. Is h composite?
True
Suppose -3*r - 2*r = -700. Is (-1 + 1*r)*1 prime?
True
Suppose 0*u = 3*m - 2*u - 15, m + u - 5 = 0. Let i(r) = 6*r**2 + 4*r + 7. Is i(m) a prime number?
False
Let h(r) = 137*r**2 - 4*r + 1. Is h(-2) a composite number?
False
Let r be (-2)/((-6)/(-15)) + 3. Is r - (3 - 0)*-75 a composite number?
False
Is (1 - (5 - 1)) + 1058 composite?
True
Suppose 188 + 244 = -4*h. Let k = h - -373. Is k prime?
False
Let d(s) = -s**2 + 5*s + 7. Let v be d(6). Is (-1044)/(-8) - v/(-2) a prime number?
True
Suppose -3*n - 3 - 9 = 0. Is (n/8)/((-1)/74) a prime number?
True
Is 0 + -2 - (-52 - 1) a composite number?
True
Let l = 29 - 16. Is l prime?
True
Suppose 2*t = -2*t + 8. Suppose 2*j - 425 = -x - 2*j, -t*x + 811 = -5*j. Is x a prime number?
False
Suppose -5*a + 471 = 2*c, -40 = -3*c - 2*a + 639. Is c a composite number?
False
Let b = 779 + -532. Is b a composite number?
True
Suppose 3*d - 6 = 0, 2*l - 7*l - d + 4507 = 0. Is l composite?
True
Let i(g) = g**2 - 11*g - 7. Let r(v) = 3*v**2 - 33*v - 21. Let u(l) = -8*i(l) + 3*r(l). Let m be u(12). Suppose 0 = -m*n + 384 + 671. Is n prime?
True
Suppose -5*d - 4576 = -12471. Is d a composite number?
False
Let i = -31 - -84. Is i prime?
True
Let h = -11 + 8. Let n = 22 + h. Let b = 52 - n. Is b composite?
True
Let p(u) = -5*u - 11. Let l(r) = r + 3. Let s(y) = -9*l(y) - 2*p(y). Let d be s(-4). Is (6/d)/(2/(-267)) composite?
False
Let v(q) = 38*q - 2. Let w be v(2). Let i = 153 - w. Is i a composite number?
False
Let q = 7 - 10. Is ((-23)/q)/((-5)/(-75)) prime?
False
Let z = 75 - 35. Let m = 117 - z. Is m composite?
True
Suppose o + 13 = 3*p, p + 2*o = 2*p - 1. Suppose -47 = 5*f - 132. Suppose p = z - f. Is z composite?
True
Suppose o + 0*o = 3. Suppose o*y = 5*y - 10. Suppose -n - 2*m + 18 = 0, -n + 2*m + 20 = y*m. Is n composite?
True
Let w be 30/9 - (-3)/(-9). Let k = w + -1. Suppose k*o - 45 = 21. Is o a prime number?
False
Suppose c - 6906 = -5*c. Is c prime?
True
Let t = 1308 - 817. Is t prime?
True
Let q(h) = -h**3 - 10*h**2 - 9*h - 7. Let r be q(-8). Let s = 146 + r. Suppose 0*t = t - s. Is t a prime number?
True
Let l(b) = 7*b**2 - 5*b - 1. Is l(-4) a composite number?
False
Suppose -4*k + 4*h = 24, -2*k - 5 = -0*k + 5*h. Let z = k + 3. Is 57 + z*(-2)/(-2) a composite number?
True
Let o be -1 + -1 + 1 + 89. Suppose 2*z = -2*z + o. Suppose -3*g - 3*y + 2 = -z, 4*y - 11 = 3*g. Is g a prime number?
True
Let g = 15 - 11. Suppose 4*k = -g*v - 4, 0 = -v - 0*v + 4*k + 14. Suppose -3*m = -3*z - 261, v*z + 7 - 3 = 0. Is m composite?
True
Let v = -15 - -100. Is v a prime number?
False
Let u(f) = 3*f**2 + 2 + 4*f - 2. Let j = 1 - 4. Is u(j) a prime number?
False
Let g be 2/6 - 32/6. Let q(i) = -2*i - 2. Let w be q(g). Let f(o) = o**3 - 8*o**2 + 4*o - 10. Is f(w) a prime number?
False
Let u = -326 - -525. Is u a composite number?
False
Let i = 845 + -496. Let l = i + -164. Is l composite?
True
Let j = 68 - -129. Suppose -3*n - 633 = -3*u, u + 4*n - j = 14. Is u a prime number?
True
Suppose -730 = -5*z + s + 330, -2*z = s - 417. Is z prime?
True
Let n =